**2/2 + 39*u. Determine m(-5).
24
Let u(b) = b**3 + 2*b - 1. Let r(l) = 16*l**3 + 2*l**2 + 12*l - 7. Let s(w) = r(w) - 6*u(w). Give s(-1).
-9
Let g(v) = -3*v - 2. Let r(y) = y**3 - 6*y**2 - 9*y + 9. Suppose -8 + 22 = 2*b. Let t be r(b). Determine g(t).
13
Let q(h) = 4*h - 3*h - 67488 + 67496. Suppose -c + i = 3*i - 2, -3*i + 3 = 0. What is q(c)?
8
Suppose -47*g + 35 = -52*g. Let w(x) = 2*x + 14. Determine w(g).
0
Let j(k) be the third derivative of -k**4/24 - 13*k**3/6 + 7*k**2. Suppose 4*g + 5 = -2*t - 3, 4*g + 8 = 0. Calculate j(t).
-13
Suppose 3*s = -6 - 6. Let o = 6 + s. Suppose 0 = -4*u + 6 - o. Let q(t) = 5*t - 1. Calculate q(u).
4
Let c(j) = -3*j + 3. Let p be c(2). Let y = 119 + -120. Let s be (-18)/3 - (p - y). Let x(a) = a**3 + 4*a**2 - 4. Determine x(s).
-4
Let y(g) = g**3 + 6*g**2 + 3*g + 2. Let c(j) = 7*j + 86. Let p be c(-13). Calculate y(p).
12
Let k(u) be the third derivative of -u**5/60 + u**4/6 + u**3/2 - 3*u**2. Let h(j) = -j**3 - 11*j**2 + 13*j + 16. Let t be h(-12). Give k(t).
3
Let q(c) be the first derivative of 3*c**3 - 2*c**2 - c + 2. Let n(g) = -10*g**2 + 5*g + 1. Let f(r) = -3*n(r) - 4*q(r). Determine f(2).
-21
Let b(y) = 1. Let a(m) = m + 2*m**3 + 4*m**2 - m**3 + m. Let f(d) = -a(d) - 5*b(d). Let q be 24/18 - (1 + 52/12). Give f(q).
3
Let i(g) = -g**2 + 2*g + 1. Let h(n) = -n**3 - 3*n**2 - 17*n - 6. Let k(a) = -h(a) - 5*i(a). Calculate k(-6).
31
Let y(w) be the first derivative of -2*w**2 - 20*w - 217. Give y(-6).
4
Let y(u) = -u - 1. Let d(z) = -z + 49 + 21*z + z - 50 - z**2. Let f be d(21). What is y(f)?
0
Let k(t) = 5*t - 3*t**3 - 2 + 7*t**2 - 10*t**2 + 4*t**3 - 3. Let w be k(2). Let x(g) = -11*g**2 - 2*g + 1. What is x(w)?
-12
Let u(f) = -f**2 + 10. Let v(w) = -3*w**2 - w + 29. Let q(a) = -19*u(a) + 6*v(a). Determine q(8).
0
Let r(n) = 19*n - 46. Let q be r(4). Let d(y) = y - 36. Calculate d(q).
-6
Let i(u) be the second derivative of u**4/12 - u**3/3 - 7*u**2/2 + 105*u. Give i(5).
8
Let h(c) = 2 - c**2 - 162*c + 76*c + 81*c - 7. Suppose -2*y = 2*f + f + 18, -4*y = -4*f - 4. Give h(f).
-1
Let v(p) = 2*p**3 - 12*p**2 + 12*p - 5. Let r = -182 + 187. Calculate v(r).
5
Let j(s) = -s**2 - 9*s - 13. Let n be j(-8). Let y(x) = 5*x**2 - 31*x - 4. Let t(v) = -v**2 + 7*v + 1. Let b(i) = -9*t(i) - 2*y(i). What is b(n)?
-21
Let o(d) be the first derivative of d**4/4 + 5*d**3/3 + d**2/2 + 4*d + 16. Determine o(-4).
16
Let b(i) be the third derivative of -1/6*i**3 + 0 - 1/24*i**4 + 0*i - 4*i**2. Calculate b(-5).
4
Let l(v) = v**3 - 5*v**2 - 8*v + 4. Let y = 65 + -43. Let t(g) = -2*g**2 - 30*g + 16. Let q be t(-16). Let m = q + y. Calculate l(m).
-8
Let v(x) = x**2 + x + 2. Suppose 8*h - 14 = 26. Suppose 5*o + 3 = 8*i - 4*i, 2*i - h*o = 9. Determine v(i).
8
Let z(j) = -j + 11. Let b be (-2 + 3 + -5)*-1. Suppose -2*i + 7*i - 36 = 4*t, -t - 31 = -b*i. Suppose 0 = -m - 3 + i. Determine z(m).
6
Let t(o) be the first derivative of -o**4/4 - 4*o**3/3 + 2*o**2 + 3*o + 10. Let d be (-2 - 0/2)*20/8. Calculate t(d).
8
Let x(i) = 38*i**3 + 10*i + 36. Let r(u) = 7*u**3 + 2*u + 7. Let h(b) = 16*r(b) - 3*x(b). Determine h(-2).
16
Let j(u) = -2*u + 3 + 1 + u**2 - 2*u**2 + 2*u**2. Let b(g) = 3*g**3 - 4*g**2 + 3*g. Let v be b(2). Let w = v - 10. Calculate j(w).
12
Let r = 442 - 435. Let z(v) = v**3 - 8*v**2 + 8*v - 2. Give z(r).
5
Let d(p) = 11 - p + 3*p - 8. Suppose 14*r = 3*r + 33. Calculate d(r).
9
Let t(l) = -3*l + 4. Let r = 119 - 116. Calculate t(r).
-5
Let t(j) = 245*j**3 + 7 - 6*j**2 - 724*j**3 + 242*j**3 + 238*j**3 - 8*j. Determine t(6).
-41
Let f(c) be the first derivative of c**4/4 + 2*c**3 + 7*c**2/2 + 6*c + 171. Determine f(-5).
-4
Let k = -5 + 9. Suppose -q + 2*q = -k. Let u be q/6*42/(-4). Let i(x) = x**3 - 7*x**2 + 4. Give i(u).
4
Let x be (4/6)/(20/30). Let t(i) = i**2 - i. Let h(p) = 6*p**2 - 5*p + 1. Let k be 39/(-33) + 4/22. Let c(f) = k*h(f) + 5*t(f). Calculate c(x).
-2
Let m be (1 + 3 - 19) + -3. Let s = -26 - m. Let n be 14/s - 1/4. Let r(l) = -5*l**2 - 2*l + 2. Determine r(n).
-14
Let b = 88 + -83. Let v(n) be the third derivative of -1/60*n**b + 0*n + 2/3*n**3 + 0*n**4 - 3*n**2 + 0. Give v(0).
4
Let d(f) = -2*f - 2*f**2 + 8*f - 3*f**2 + 8*f - 1. Let i(w) = 2*w**2 - 5*w. Let o(u) = -3*d(u) - 8*i(u). Calculate o(4).
-21
Let p = 9416 - 9419. Let y(b) = b**2 - b + 7*b - b - 4. Give y(p).
-10
Suppose r = -5 - 6. Let l(i) = -2*i**3 - 13*i**2 + 19*i + 15. Let n(h) = h**3 + 7*h**2 - 10*h - 8. Let g(m) = r*n(m) - 6*l(m). Give g(-3).
-8
Let i(g) be the second derivative of -g**4/12 + 3*g**3/2 + 9*g**2/2 - 70*g. Determine i(8).
17
Let d(f) = -3*f**2 - f - 7. Let q be 3 - 14*(-4)/(-8) - -4. Let b be d(q). Let a(i) = i**2 + 6*i - 9. What is a(b)?
-2
Let i(d) = -2*d - 3. Let o(w) = 3*w**2 - 4*w**2 + 2 + 3*w - w**2. Let x be o(-1). Let z be x/(-2)*(-64)/24. Determine i(z).
5
Let q be -2 - (2 + -1)*-2. Let f(m) be the first derivative of 13 + 8*m - 1/2*m**2. Determine f(q).
8
Let a(y) = -y**2 + 15*y - 56. Let m be a(9). Let g(p) = 2*p**3 - 2*p**2 - 2*p - 1. Give g(m).
-21
Let k(m) = 2*m + 23. Let y = -558 + 547. Calculate k(y).
1
Suppose 35 = 5*w + 3*p, -2*p = -0*w + w. Suppose 7*s = w - 3. Let o(l) = -8*l - 3. Let u(f) = -24*f - 8. Let c(z) = 11*o(z) - 4*u(z). Determine c(s).
7
Let h be 56/6 - 2/6. Let o = 219 + -222. Let v = h + o. Let s(r) = r**3 - 5*r**2 - 5*r. Calculate s(v).
6
Let t(h) be the first derivative of -h**3/6 - 3*h**2/2 + h + 18. Let l(f) be the first derivative of t(f). Determine l(4).
-7
Let f be (-8)/10 + (-15)/75. Let h = -7 - -10. Let i be (f/h)/((-2)/6). Let z(k) = -7*k**2 + k - 1. Give z(i).
-7
Let b(u) be the first derivative of -u**4/4 + u**3/3 - u**2 - 2*u + 539. Give b(-2).
14
Suppose 4*r = -2*i - 4, -2*i = -4*i + 4*r + 12. Let a(p) = -p**3 - 4 + p**2 + 0*p**i - 6*p**2 - 3*p. Let z be (2/6)/((-3)/252*7). What is a(z)?
-8
Let p(l) = -2*l + 2. Let r(h) = h + 1. Let x(u) = p(u) + 3*r(u). Suppose 7*k = 3*k - 36. Let j be x(k). Let i(q) = -q. Determine i(j).
4
Let q(g) be the third derivative of g**4/24 - g**3/6 + 68*g**2 + 1. Suppose -4*f - 2 = -26. Determine q(f).
5
Suppose 3 = 30*h - 33*h. Let x(b) be the second derivative of -b**2/2 - 3*b. Let y(c) = 2*c + 10. Let i(z) = h*y(z) - 12*x(z). What is i(-2)?
6
Let k(u) = u**2 - 3*u. Let g(h) = -h. Let z(j) = 11*g(j) - 4*k(j). Let f = 44 + -43. Let r be z(f). Let l(m) = 2*m**3 + 5*m**2 + 3*m + 2. What is l(r)?
-16
Let j(k) = k**2 - 14*k + 14. Let i be j(11). Let p = -15 - i. Let a(x) = 2*x - 5. What is a(p)?
3
Suppose 0 = -5*t - 776 + 771. Let w(i) = 4*i**2 - i - 2. Calculate w(t).
3
Let u(a) = -3*a - 101. Suppose -4*x - 105 = 3*y, -31*y + 4*x = -36*y - 175. Determine u(y).
4
Suppose 3*o + 7 = 2*x, -17 = 2*x - 0*o + 5*o. Let v(b) = -b + 4. Suppose -2*j + 6 = -3*j. Let s(r) = -1. Let i(t) = j*s(t) + x*v(t). Give i(4).
6
Suppose -8*b + 33 = 4*s - 7*b, -2*s - 4*b = -34. Let a(n) = -n**3 + 7*n**2 + n - 12. Determine a(s).
-5
Let q be 30/45*(-66)/(-4). Let o(f) = -2 - q*f - f**2 + 6*f - 2*f. Determine o(-7).
-2
Let d(v) = 45*v**3 - 15*v**2 + 13*v - 13. Suppose 0 = -6*a + 17 + 61. Let g(p) = 22*p**3 - 7*p**2 + 6*p - 6. Let u(o) = a*g(o) - 6*d(o). Calculate u(1).
15
Let j = -52 + 59. Let h be ((-6)/(-10))/(j/35). Let l(d) = -2*d**2 + 4*d - 3. Give l(h).
-9
Let p(h) = -36 - 39 - 36 + 22*h + 112. Calculate p(-1).
-21
Let q = 10 + -6. Let b(j) be the third derivative of -j**5/60 + j**4/6 - j**3 + 5*j**2 - 32*j. Calculate b(q).
-6
Let q(n) = -20*n + 3. Let u(p) = -7*p + 1. Let j(y) = 6*q(y) - 17*u(y). Let b be 12 + -2*1 - 1. Let z be (-2)/b + 129/(-27). Calculate j(z).
6
Let h be ((-8)/12)/(1/9). Suppose 5*o - 80 = -5*o. Let g = h + o. Let k(m) = -3*m**3 + 3*m**2 - m + 1. Determine k(g).
-13
Let q = 8 + -7. Let v(o) = 2*o + 2*o - 2*o - 7*o + 6*o. Calculate v(q).
1
Let g be (-2 + 1)*(0 + 1). Let j = -1 - g. Let y(v) = v**2 + 2*v + 1. Let a(k) = -3*k**2 - 4*k + 2. Let o(t) = a(t) + 2*y(t). What is o(j)?
4
Let o(p) = -6*p**3 + p**2 + 10*p - 11. Let m be o(1). Suppose 2*u + 14 = 2*c, 0 = -2*c - 4*u - 12 - 4. Let z(v) = -13 - v**2 - 9*v + 0*v**c + 4. What is z(m)?
9
Let q(z) = z**2 - 12*z - 11. Suppose -42*m = -34*m - 104. Determine q(m).
2
Let v(m) = -8 + 6*m - 7*m + 0*m + 0. Calculate v(6).
-14
Let t(w) = w + 1. Let a be t(4). Let h(z) = 1072*z**2 + 2 + 0*z**3 - z**3 - 106